{"id":600,"date":"2023-07-04T22:29:44","date_gmt":"2023-07-04T20:29:44","guid":{"rendered":"https:\/\/stradom.misjonarze.pl\/?page_id=600"},"modified":"2025-04-21T09:34:04","modified_gmt":"2025-04-21T07:34:04","slug":"oltarz-sw-wincentego-a-paulo","status":"publish","type":"page","link":"https:\/\/stradom.misjonarze.pl\/?page_id=600","title":{"rendered":"O\u0142tarz \u015aw. Wincentego a Paulo"},"content":{"rendered":"\t\t<div data-elementor-type=\"wp-page\" data-elementor-id=\"600\" class=\"elementor elementor-600\">\n\t\t\t\t\t\t<header class=\"elementor-section elementor-top-section elementor-element elementor-element-53d38354 elementor-section-height-min-height elementor-section-content-middle elementor-section-stretched elementor-section-boxed elementor-section-height-default elementor-section-items-middle\" data-id=\"53d38354\" data-element_type=\"section\" data-e-type=\"section\" data-settings=\"{&quot;background_background&quot;:&quot;classic&quot;,&quot;stretch_section&quot;:&quot;section-stretched&quot;}\">\n\t\t\t\t\t\t\t<div class=\"elementor-background-overlay\"><\/div>\n\t\t\t\t\t\t\t<div class=\"elementor-container elementor-column-gap-extended\">\n\t\t\t\t\t<div class=\"elementor-column elementor-col-16 elementor-top-column elementor-element elementor-element-5a18567a\" data-id=\"5a18567a\" data-element_type=\"column\" data-e-type=\"column\">\n\t\t\t<div class=\"elementor-widget-wrap\">\n\t\t\t\t\t\t\t<\/div>\n\t\t<\/div>\n\t\t\t\t<div class=\"elementor-column elementor-col-66 elementor-top-column elementor-element elementor-element-1fede9ec\" data-id=\"1fede9ec\" data-element_type=\"column\" data-e-type=\"column\">\n\t\t\t<div class=\"elementor-widget-wrap elementor-element-populated\">\n\t\t\t\t\t\t<section class=\"elementor-section elementor-inner-section elementor-element elementor-element-1ff5da30 elementor-section-content-middle elementor-section-boxed elementor-section-height-default elementor-section-height-default\" data-id=\"1ff5da30\" data-element_type=\"section\" data-e-type=\"section\">\n\t\t\t\t\t\t<div class=\"elementor-container elementor-column-gap-default\">\n\t\t\t\t\t<div class=\"elementor-column elementor-col-33 elementor-inner-column elementor-element elementor-element-7843b54b\" data-id=\"7843b54b\" data-element_type=\"column\" data-e-type=\"column\">\n\t\t\t<div class=\"elementor-widget-wrap elementor-element-populated\">\n\t\t\t\t\t\t<div class=\"elementor-element elementor-element-33961383 elementor-widget-divider--view-line elementor-widget elementor-widget-divider\" data-id=\"33961383\" data-element_type=\"widget\" data-e-type=\"widget\" data-widget_type=\"divider.default\">\n\t\t\t\t<div class=\"elementor-widget-container\">\n\t\t\t\t\t\t\t<div class=\"elementor-divider\">\n\t\t\t<span class=\"elementor-divider-separator\">\n\t\t\t\t\t\t<\/span>\n\t\t<\/div>\n\t\t\t\t\t\t<\/div>\n\t\t\t\t<\/div>\n\t\t\t\t\t<\/div>\n\t\t<\/div>\n\t\t\t\t<div class=\"elementor-column elementor-col-33 elementor-inner-column elementor-element elementor-element-50500f39\" data-id=\"50500f39\" data-element_type=\"column\" data-e-type=\"column\">\n\t\t\t<div class=\"elementor-widget-wrap elementor-element-populated\">\n\t\t\t\t\t\t<div class=\"elementor-element elementor-element-66e38f3a elementor-view-stacked elementor-shape-circle elementor-widget elementor-widget-icon\" data-id=\"66e38f3a\" data-element_type=\"widget\" data-e-type=\"widget\" data-widget_type=\"icon.default\">\n\t\t\t\t<div class=\"elementor-widget-container\">\n\t\t\t\t\t\t\t<div class=\"elementor-icon-wrapper\">\n\t\t\t<div class=\"elementor-icon\">\n\t\t\t<i aria-hidden=\"true\" class=\"fas fa-church\"><\/i>\t\t\t<\/div>\n\t\t<\/div>\n\t\t\t\t\t\t<\/div>\n\t\t\t\t<\/div>\n\t\t\t\t\t<\/div>\n\t\t<\/div>\n\t\t\t\t<div class=\"elementor-column elementor-col-33 elementor-inner-column elementor-element elementor-element-21545313\" data-id=\"21545313\" data-element_type=\"column\" data-e-type=\"column\">\n\t\t\t<div class=\"elementor-widget-wrap elementor-element-populated\">\n\t\t\t\t\t\t<div class=\"elementor-element elementor-element-2372d006 elementor-hidden-phone elementor-widget-divider--view-line elementor-widget elementor-widget-divider\" data-id=\"2372d006\" data-element_type=\"widget\" data-e-type=\"widget\" data-widget_type=\"divider.default\">\n\t\t\t\t<div class=\"elementor-widget-container\">\n\t\t\t\t\t\t\t<div class=\"elementor-divider\">\n\t\t\t<span class=\"elementor-divider-separator\">\n\t\t\t\t\t\t<\/span>\n\t\t<\/div>\n\t\t\t\t\t\t<\/div>\n\t\t\t\t<\/div>\n\t\t\t\t\t<\/div>\n\t\t<\/div>\n\t\t\t\t\t<\/div>\n\t\t<\/section>\n\t\t\t\t<div class=\"elementor-element elementor-element-6a65924b elementor-invisible elementor-widget elementor-widget-heading\" data-id=\"6a65924b\" data-element_type=\"widget\" data-e-type=\"widget\" data-settings=\"{&quot;_animation&quot;:&quot;fadeInDown&quot;}\" data-widget_type=\"heading.default\">\n\t\t\t\t<div class=\"elementor-widget-container\">\n\t\t\t\t\t<h1 class=\"elementor-heading-title elementor-size-default\">O\u0142tarz \u015aw. Wincentego a Paulo<\/h1>\t\t\t\t<\/div>\n\t\t\t\t<\/div>\n\t\t\t\t<div class=\"elementor-element elementor-element-2f7221c7 elementor-widget-divider--view-line elementor-widget elementor-widget-divider\" data-id=\"2f7221c7\" data-element_type=\"widget\" data-e-type=\"widget\" data-widget_type=\"divider.default\">\n\t\t\t\t<div class=\"elementor-widget-container\">\n\t\t\t\t\t\t\t<div class=\"elementor-divider\">\n\t\t\t<span class=\"elementor-divider-separator\">\n\t\t\t\t\t\t<\/span>\n\t\t<\/div>\n\t\t\t\t\t\t<\/div>\n\t\t\t\t<\/div>\n\t\t\t\t<div class=\"elementor-element elementor-element-35da6238 elementor-widget elementor-widget-text-editor\" data-id=\"35da6238\" data-element_type=\"widget\" data-e-type=\"widget\" data-widget_type=\"text-editor.default\">\n\t\t\t\t<div class=\"elementor-widget-container\">\n\t\t\t\t\t\t\t\t\t<p class=\"p1\">Wykonany przez Antoniego Fr\u0105czkiewicza w 1738 roku z obrazem\u00a0<i>\u015bw. Wincentego a Paulo<\/i> p\u0119dzla Tadeusza Kuntzego, oko\u0142o 1758 roku.<\/p>\t\t\t\t\t\t\t\t<\/div>\n\t\t\t\t<\/div>\n\t\t\t\t\t<\/div>\n\t\t<\/div>\n\t\t\t\t<div class=\"elementor-column elementor-col-16 elementor-top-column elementor-element elementor-element-2bf7b98b\" data-id=\"2bf7b98b\" data-element_type=\"column\" data-e-type=\"column\">\n\t\t\t<div class=\"elementor-widget-wrap\">\n\t\t\t\t\t\t\t<\/div>\n\t\t<\/div>\n\t\t\t\t\t<\/div>\n\t\t<\/header>\n\t\t\t\t<section class=\"elementor-section elementor-top-section elementor-element elementor-element-784e4a72 elementor-section-stretched elementor-section-boxed elementor-section-height-default elementor-section-height-default\" data-id=\"784e4a72\" data-element_type=\"section\" data-e-type=\"section\" data-settings=\"{&quot;background_background&quot;:&quot;classic&quot;,&quot;stretch_section&quot;:&quot;section-stretched&quot;}\">\n\t\t\t\t\t\t\t<div class=\"elementor-background-overlay\"><\/div>\n\t\t\t\t\t\t\t<div class=\"elementor-container elementor-column-gap-extended\">\n\t\t\t\t\t<div class=\"elementor-column elementor-col-100 elementor-top-column elementor-element elementor-element-770b33f6\" data-id=\"770b33f6\" data-element_type=\"column\" data-e-type=\"column\">\n\t\t\t<div class=\"elementor-widget-wrap elementor-element-populated\">\n\t\t\t\t\t\t<section class=\"elementor-section elementor-inner-section elementor-element elementor-element-461301a7 elementor-section-height-min-height elementor-section-content-middle elementor-section-boxed elementor-section-height-default elementor-invisible\" data-id=\"461301a7\" data-element_type=\"section\" data-e-type=\"section\" data-settings=\"{&quot;animation&quot;:&quot;fadeInUp&quot;}\">\n\t\t\t\t\t\t<div class=\"elementor-container elementor-column-gap-no\">\n\t\t\t\t\t<div class=\"elementor-column elementor-col-50 elementor-inner-column elementor-element elementor-element-105bb282\" data-id=\"105bb282\" data-element_type=\"column\" data-e-type=\"column\" data-settings=\"{&quot;background_background&quot;:&quot;classic&quot;}\">\n\t\t\t<div class=\"elementor-widget-wrap elementor-element-populated\">\n\t\t\t\t\t\t<div class=\"elementor-element elementor-element-6354a300 elementor-widget elementor-widget-image\" data-id=\"6354a300\" data-element_type=\"widget\" data-e-type=\"widget\" data-widget_type=\"image.default\">\n\t\t\t\t<div class=\"elementor-widget-container\">\n\t\t\t\t\t\t\t\t\t\t\t\t\t\t\t<img fetchpriority=\"high\" decoding=\"async\" width=\"720\" height=\"478\" src=\"https:\/\/stradom.misjonarze.pl\/wp-content\/uploads\/2024\/12\/slider3-1024x680.jpg\" class=\"attachment-large size-large wp-image-1056\" alt=\"\" srcset=\"https:\/\/stradom.misjonarze.pl\/wp-content\/uploads\/2024\/12\/slider3-1024x680.jpg 1024w, https:\/\/stradom.misjonarze.pl\/wp-content\/uploads\/2024\/12\/slider3-300x199.jpg 300w, https:\/\/stradom.misjonarze.pl\/wp-content\/uploads\/2024\/12\/slider3-768x510.jpg 768w, https:\/\/stradom.misjonarze.pl\/wp-content\/uploads\/2024\/12\/slider3-1536x1020.jpg 1536w, https:\/\/stradom.misjonarze.pl\/wp-content\/uploads\/2024\/12\/slider3-600x399.jpg 600w, https:\/\/stradom.misjonarze.pl\/wp-content\/uploads\/2024\/12\/slider3.jpg 1656w\" sizes=\"(max-width: 720px) 100vw, 720px\" \/>\t\t\t\t\t\t\t\t\t\t\t\t\t\t\t<\/div>\n\t\t\t\t<\/div>\n\t\t\t\t\t<\/div>\n\t\t<\/div>\n\t\t\t\t<div class=\"elementor-column elementor-col-50 elementor-inner-column elementor-element elementor-element-366dfa78\" data-id=\"366dfa78\" data-element_type=\"column\" data-e-type=\"column\" data-settings=\"{&quot;background_background&quot;:&quot;classic&quot;}\">\n\t\t\t<div class=\"elementor-widget-wrap elementor-element-populated\">\n\t\t\t\t\t\t<div class=\"elementor-element elementor-element-1fcc1092 elementor-widget elementor-widget-text-editor\" data-id=\"1fcc1092\" data-element_type=\"widget\" data-e-type=\"widget\" data-widget_type=\"text-editor.default\">\n\t\t\t\t<div class=\"elementor-widget-container\">\n\t\t\t\t\t\t\t\t\t<p>O\u0142tarz<\/p>\t\t\t\t\t\t\t\t<\/div>\n\t\t\t\t<\/div>\n\t\t\t\t<div class=\"elementor-element elementor-element-253a086d elementor-widget elementor-widget-heading\" data-id=\"253a086d\" data-element_type=\"widget\" data-e-type=\"widget\" data-widget_type=\"heading.default\">\n\t\t\t\t<div class=\"elementor-widget-container\">\n\t\t\t\t\t<h2 class=\"elementor-heading-title elementor-size-default\">\u015aw. Wincentego a Paulo<\/h2>\t\t\t\t<\/div>\n\t\t\t\t<\/div>\n\t\t\t\t<div class=\"elementor-element elementor-element-5b0fccf elementor-widget elementor-widget-text-editor\" data-id=\"5b0fccf\" data-element_type=\"widget\" data-e-type=\"widget\" data-widget_type=\"text-editor.default\">\n\t\t\t\t<div class=\"elementor-widget-container\">\n\t\t\t\t\t\t\t\t\t<p><span class=\"s1\">\u015aw. Wincenty a Paulo<\/span>\u00a0urodzi\u0142 si\u0119 24 kwietnia 1581 r. w Pouy ko\u0142o Dax w po\u0142udniowej Francji. \u015awi\u0119cenia kap\u0142a\u0144skie przyj\u0105\u0142 23 wrze\u015bnia 1600 r. w Ch\u00e2teaux l\u2019\u00c9v\u00eaque (diec. P\u00e9rigueux).\u00a0<\/p><p class=\"p1\">\u015aw. Wincenty jest za\u0142o\u017cycielem mi\u0119dzy innymi: Zgromadzenia Ksi\u0119\u017cy Misjonarzy i Si\u00f3str Mi\u0142osierdzia oraz Stowarzyszenia Mi\u0142osierdzia (AIC).<\/p><p class=\"p1\">\u015aw. Wincenty zmar\u0142 27 wrze\u015bnia 1660 r. Jego beatyfikacja odby\u0142a si\u0119\u00a0<span class=\"s1\">13 sierpnia 1729 r.,\u00a0<\/span>kanonizacji dokona\u0142 papie\u017c Klemens XII\u00a0<span class=\"s1\">16\u00a0czerwca 1737 r.<\/span><\/p><p class=\"p1\">\u015aw. Wincenty a Paulo jest patronem\u00a0<span class=\"s1\">wszystkich dzie\u0142 mi\u0142osierdzia<\/span>, instytucji charytatywnych, duchowie\u0144stwa, sierot, wi\u0119\u017ani\u00f3w, jest wzywany w modlitwie o odzyskanie zguby.<\/p><p class=\"p1\"><span class=\"s1\">\u015aw. Wincenty<\/span>\u00a0najcz\u0119\u015bciej jest przedstawiany w czarnej sutannie, pelerynie z dzieckiem na r\u0119ku. Jego atrybutami s\u0105 krzy\u017c, dziecko.<\/p><p class=\"p1\">Imi\u0119 Wincenty nale\u017cy wyprowadzi\u0107 od czasownika \u0142aci\u0144skiego\u00a0<i>vinco, vincere<\/i>\u00a0\u2013 zwyci\u0119\u017ca\u0107. Zatem Wincenty oznacza zwyci\u0119stwo i zwyci\u0119zc\u0119.\u00a0Jego wspomnienie przypada\u00a0<span class=\"s1\">27 wrze\u015bnia.<\/span><\/p>\t\t\t\t\t\t\t\t<\/div>\n\t\t\t\t<\/div>\n\t\t\t\t\t<\/div>\n\t\t<\/div>\n\t\t\t\t\t<\/div>\n\t\t<\/section>\n\t\t\t\t\t<\/div>\n\t\t<\/div>\n\t\t\t\t\t<\/div>\n\t\t<\/section>\n\t\t\t\t<\/div>\n\t\t","protected":false},"excerpt":{"rendered":"<p>O\u0142tarz \u015aw. Wincentego a Paulo Wykonany przez Antoniego Fr\u0105czkiewicza w 1738 roku z obrazem\u00a0\u015bw. Wincentego a Paulo p\u0119dzla Tadeusza Kuntzego, oko\u0142o 1758 roku. O\u0142tarz \u015aw. Wincentego a Paulo \u015aw. Wincenty a Paulo\u00a0urodzi\u0142 si\u0119 24 kwietnia 1581 r. w Pouy ko\u0142o Dax w po\u0142udniowej Francji. \u015awi\u0119cenia kap\u0142a\u0144skie przyj\u0105\u0142 23 wrze\u015bnia 1600 r. w Ch\u00e2teaux l\u2019\u00c9v\u00eaque (diec. P\u00e9rigueux).\u00a0 \u015aw. Wincenty jest za\u0142o\u017cycielem [&hellip;]<\/p>\n","protected":false},"author":1,"featured_media":0,"parent":0,"menu_order":0,"comment_status":"closed","ping_status":"closed","template":"","meta":{"footnotes":""},"class_list":["post-600","page","type-page","status-publish","hentry"],"_links":{"self":[{"href":"https:\/\/stradom.misjonarze.pl\/index.php?rest_route=\/wp\/v2\/pages\/600","targetHints":{"allow":["GET"]}}],"collection":[{"href":"https:\/\/stradom.misjonarze.pl\/index.php?rest_route=\/wp\/v2\/pages"}],"about":[{"href":"https:\/\/stradom.misjonarze.pl\/index.php?rest_route=\/wp\/v2\/types\/page"}],"author":[{"embeddable":true,"href":"https:\/\/stradom.misjonarze.pl\/index.php?rest_route=\/wp\/v2\/users\/1"}],"replies":[{"embeddable":true,"href":"https:\/\/stradom.misjonarze.pl\/index.php?rest_route=%2Fwp%2Fv2%2Fcomments&post=600"}],"version-history":[{"count":19,"href":"https:\/\/stradom.misjonarze.pl\/index.php?rest_route=\/wp\/v2\/pages\/600\/revisions"}],"predecessor-version":[{"id":1427,"href":"https:\/\/stradom.misjonarze.pl\/index.php?rest_route=\/wp\/v2\/pages\/600\/revisions\/1427"}],"wp:attachment":[{"href":"https:\/\/stradom.misjonarze.pl\/index.php?rest_route=%2Fwp%2Fv2%2Fmedia&parent=600"}],"curies":[{"name":"wp","href":"https:\/\/api.w.org\/{rel}","templated":true}]}}